 - 4*i - 646 = 0. Suppose -5*z + p = -x*z. Is z a prime number?
False
Is 114500 - 35/(4 - -3)*-1 a prime number?
False
Let q(h) be the third derivative of -h**4/8 - 5*h**3/3 + 3*h**2. Let a be q(-5). Suppose 4*y + 405 = a*l - 1056, 2*l = -3*y + 589. Is l prime?
True
Let y = -2719 - -3893. Suppose -8*j - y = -10*j. Is j a composite number?
False
Let m be (-6)/15 - 84/(-10). Let j = m + -4. Suppose 139 = j*g - 121. Is g a composite number?
True
Let d = 9 - 11. Let j(o) = 5*o**2 + o - 2. Let i be j(d). Is 17*((-1)/(-1) + i) composite?
True
Suppose -5*a + 71547 = 2*a. Is a a composite number?
True
Let g(a) = -41*a**2 - 11*a + 4. Suppose z + 7 = 2*s - 0, 0 = -3*s - 2*z + 28. Let w be g(s). Is (w/(-4))/(2/4) a composite number?
False
Let j(r) = 1086*r - 20. Let k be j(-4). Let x = -2853 - k. Is x prime?
True
Suppose -2*o = 3*o - 20. Suppose o*k + 3*b = -0*k - 27, -k + 3*b + 12 = 0. Is 189 - -1*(-6)/k prime?
True
Let o(r) = 7*r - 372*r**3 + 1 - 3*r - r - r. Is o(-1) prime?
False
Let u be (3/(6/(-20)))/2. Let i = -5 - u. Suppose 5*f + 0 - 604 = 3*w, i = f + 4*w - 107. Is f composite?
True
Let y be ((-46)/69)/(2/(-4911)). Is y/11 - (-6)/33 prime?
True
Suppose 0*o - o + 3*u = -6, -5*u = 5*o - 10. Suppose o*g = s + 4532, g - 4*s - 1514 = -7*s. Is g composite?
False
Suppose -f - 8 - 9 = 5*g, 5*g + 57 = 4*f. Let h(k) = 32*k**2 - 11*k - 23. Is h(f) a prime number?
False
Let k(o) = o**2 - 11*o. Let i be k(11). Suppose i = -5*g - 25, 2*u + 5*g - 1151 = 2*g. Is u a composite number?
True
Let l = -1792 - -3693. Is l a composite number?
False
Let i(z) = -z**3 - 8*z**2 - 34*z - 36. Is i(-17) composite?
True
Is ((-129412)/(-10))/((-3)/(-30)*4) prime?
True
Suppose 17*c - 10476 = 14*c + g, -4*g - 3503 = -c. Is c composite?
False
Suppose 4*w - 30 = w. Let d = w + -1. Suppose -d*o = -5*o - 556. Is o composite?
False
Suppose 253166 + 278848 = 42*j. Is j a composite number?
True
Let l be (-5415)/(-20) - 2/(-8). Let v = 859 - l. Suppose 234 = 2*n - g - v, 3*g = -4*n + 1664. Is n prime?
False
Let o(z) = 1075*z + 25. Let i(v) = -717*v - 17. Let u(b) = 7*i(b) + 5*o(b). Let p be u(14). Suppose -3*m - 1887 = -3*q, -m + 1829 = -5*q + p. Is q composite?
True
Let z(n) = 30*n**3 + 6*n**2 - 6*n - 7. Is z(5) prime?
True
Let j be 145831/(-21) + 4/(-6). Let q be 4/(-18) - j/27. Suppose 0*z + q = z. Is z composite?
False
Suppose 3*o + 4 = -4*y - o, -2*y + 28 = -4*o. Suppose t - y*t + 2559 = 0. Is t a composite number?
False
Let u(n) be the third derivative of -13*n**6/24 + n**5/15 - n**4/6 + 2*n**3/3 - 8*n**2. Let v be u(2). Let l = v - -1017. Is l a prime number?
True
Suppose -30 = -3*k - 12. Let x = k + -4. Suppose -5*h + 436 = -x*j + 91, 0 = -3*j. Is h a prime number?
False
Let y(h) = 62*h**2 - 21*h + 254. Is y(9) prime?
True
Suppose 149059 = 14*m + 12321. Is m composite?
False
Suppose 20*p = 194 + 6. Suppose 3*d + 140 - 1898 = 0. Is (-12 + p)*d/(-4) prime?
True
Let v(b) = -b**2 + 1. Let s(i) = -4*i**2 + 5*i - 24. Let r(a) = -s(a) - 5*v(a). Is r(-6) composite?
False
Suppose -4*p = 5*p - 63. Suppose 2*s = p*s - 10805. Is s a composite number?
False
Let b be -1 - 333 - 0 - -4. Let a = 703 + b. Is a a composite number?
False
Suppose 28 - 4 = 12*x. Suppose -1228 = -x*a + 258. Is a a composite number?
False
Let a = 2429 - 4015. Let o = 3123 + a. Is o composite?
True
Let n(q) = 2*q**2 - 2 + 11*q**3 + 2*q**2 + 0 - 3*q**2 + 2*q. Let c be n(2). Is 0 + c + (-12)/(-4) a composite number?
False
Suppose 1614 = -2*a - 4*a. Let z = a + 547. Let p = 195 + z. Is p a composite number?
True
Suppose -5*m + 31664 = -3*f, f = 5*m + 3*f - 31649. Is m a prime number?
False
Let d be 0 + (-1)/5 - 5/(-25). Suppose -u - k + 226 = d, 0*u - 2*u = -4*k - 452. Is u prime?
False
Let m = -48 - -50. Suppose -4*v + 1673 = m*b - b, 4*v = 3*b + 1685. Is v prime?
True
Let l(o) = -18975*o**3 + o**2 + 2*o + 1. Let s be l(-1). Suppose -3*x - 4020 = -s. Is x a composite number?
True
Suppose 2*m = -4*u + 2190, -8 = -3*u + 4. Is m prime?
True
Let k = 8814 - 5779. Is k composite?
True
Let m(r) = -35*r - 4. Is m(-33) a prime number?
True
Suppose 3*z = 3*s - 21, 0 = -6*z + 4*z - 6. Suppose -s*t = -3*t + 2*k + 32, 0 = 5*t + 3*k + 160. Is (254/(-3))/(t/48) a composite number?
False
Suppose 5*v = 3*v. Let s(t) = t + 124. Let b be s(v). Suppose -b - 143 = -3*l. Is l a prime number?
True
Let i(j) = 3*j**2 - 27*j + 2. Let q be i(9). Suppose 788 = 4*f - 3*n, -q*f - 5*n + 950 = 3*f. Is f a prime number?
False
Suppose -3*r + 27 = -k + 4*k, -r + 19 = 3*k. Suppose -4*b + 1684 = b - t, k*b = -t + 1686. Is b composite?
False
Let n = 2152 + -721. Suppose 0 = 2*i - 5639 + n. Is (i/16)/((-2)/(-4)) a prime number?
True
Suppose 0 = t + 3*t - 3964. Suppose 5*o - o - 16 = 0. Suppose t = o*c - 5*d - 84, c = -d + 262. Is c a composite number?
True
Let s = -3668 + 5301. Is s a composite number?
True
Let n = 46349 + -30880. Suppose 5*k - n = -y, -2*y + 15445 = 5*k - 7*y. Is k prime?
False
Suppose -48*c + 4071969 = 51*c. Is c composite?
False
Let k be 898*((-21)/28)/(6/(-76)). Suppose -4*o + k = -3*a, -o + 3*a - 6372 = -4*o. Is o prime?
True
Let c = 14 - 7. Let u(f) = f**3 - 7*f**2 - f + 7. Let h be u(c). Suppose p = 4, h*x + 5*x - 173 = 3*p. Is x prime?
True
Let h = -17 - -26. Suppose v + 1304 = h*v. Is v a prime number?
True
Let o = 934 + -333. Suppose -3*u - 3*h = -3501, -5*h - 578 - o = -u. Is u prime?
False
Suppose -6*g = -2*g - 24. Suppose 6*k + g*k - 6684 = 0. Is k a composite number?
False
Let s = 11 + 1. Is 2529/s - 2/(-8) a composite number?
False
Let p = 6145 - 2768. Is p composite?
True
Let z(h) be the third derivative of h**6/72 + h**5/30 + 5*h**4/24 - 2*h**3/3 - 6*h**2. Let x(k) be the first derivative of z(k). Is x(6) a prime number?
False
Let y = -21137 + 36228. Is y prime?
True
Let t = 25302 - 7201. Is t a composite number?
True
Let u(g) = g**3 - 6*g**2 + 6*g. Let n be u(5). Suppose -v - q + 1 = 0, n*v - 3*q + 6*q = 15. Is (9/v + -2)*-166 a composite number?
False
Let h be (6/4)/((-21)/196). Let x = -14 - h. Suppose -u = -x*u - 86. Is u a prime number?
False
Let s(v) = v**3 - 8*v**2 + 6*v + 6. Let c be 14/(4 + -2)*1. Let q be s(c). Is (-3 - -70) + (1 - q) composite?
True
Let a = 14 + -9. Suppose 0 = -4*n + 20, 2*i + a*n - 37 = -2*i. Let x(m) = 47*m + 2. Is x(i) a prime number?
False
Let q(p) = -2*p + 8. Let t be q(-8). Suppose 27*l = t*l + 12. Suppose -2520 = 3*o - 8*o + w, 0 = 5*o - l*w - 2505. Is o prime?
False
Suppose 4*n + 5*w = 5600, 5*n + w - 6791 - 209 = 0. Let y(u) = -u**3 + 3*u**2 + 4*u - 9. Let c be y(2). Suppose c*d - 1621 = n. Is d prime?
False
Suppose 5*i + 10 = 3*z, 0*z = 5*z - 4*i + 5. Let o(j) = -18*j**3 - 5*j**2 - 6*j + 3. Let h be o(z). Suppose -h = 25*t - 27*t. Is t a composite number?
True
Suppose 6*r = 835 + 323. Let x(u) = -u + 2. Let d be x(4). Let o = r + d. Is o a prime number?
True
Suppose -5*d = 6*b - 450787, -12*b + 8*b - 12 = 0. Is d prime?
False
Let o(u) = 2*u**2 - 10*u + 19. Let q(a) = a**2 + 21*a - 34. Let x be q(-23). Is o(x) a prime number?
False
Let o be ((-4)/(-10))/(1 + 138/(-135)). Is (-32)/144 - 10570/o a prime number?
True
Suppose -3*m = 2*v - 1193, 0 = m + 1. Suppose 3*x + 402 = 2*n - x, -3*n + 5*x = -v. Is n a prime number?
True
Let y(f) = 4*f**3 - 15*f**2 + 29*f + 29. Is y(15) composite?
False
Suppose k - 3*p = 41, -5*p - 10 = -0*p. Suppose -k - 460 = -5*h. Let q = 278 - h. Is q composite?
False
Suppose r + r = 5*c + 683, 0 = 5*c + 5. Let h(f) = 89*f - 46. Let i be h(6). Let y = i - r. Is y a prime number?
True
Let k(p) = -15*p - 3. Let b be k(-1). Let i be 9/b - (-1570)/8. Suppose -2*h + i = h - 2*a, 4*a + 187 = 3*h. Is h composite?
True
Suppose 5*c = 3*c + 10. Suppose 581 = 4*h + c*j, 0*j - 5*j - 114 = -h. Is h composite?
False
Suppose 0*t - 3845 = -5*t. Is t a composite number?
False
Let l(c) = 105*c**2 - 4*c - 2. Let o be l(6). Suppose -2*s = 3*q - s - o, -5*s = -3*q + 3784. Is q a composite number?
True
Suppose m - 4 = 1. Let j(c) = m - 9*c - 3 - 8*c + 0*c. Is j(-3) prime?
True
Suppose -10*b = -46 - 174. Suppose -3*t = -3*s - 3, -3*t - s + 13 = s. Let o = b - t. Is o composite?
False
Let z = -2094 + 6083. Is z prime?
True
Let n(h) = 2*h + 21. Let d be n(-9). Suppose m - 3 = d*c - 6*c, 3*c - 3 = 2*m. Suppose 2*o - 5*a - 829 = m, -3*o - a + 1233 = -5*a. Is o prime?
False
Suppose -1991 =